**2 - x + 2. What is the remainder when s(-2) is divided by h?
11
What is the remainder when 12/(5*16/840) is divided by 13?
9
Let k(i) = -4*i - 1. Let q(m) = -m**2 - 3*m + 6. Let x be q(2). What is the remainder when 58 is divided by k(x)?
13
Calculate the remainder when (-2)/(74/(-629)*(-1)/(-2)) is divided by 7.
6
Suppose 4 = -5*i - 6. What is the remainder when 4/(-2) + i + 60 is divided by 22?
12
Let c = -202 - -360. What is the remainder when c is divided by 15?
8
Calculate the remainder when 587 is divided by (192/(-30) - -6)/((-10)/1475).
56
Let p(o) = 31*o - 82. Calculate the remainder when p(5) is divided by 17.
5
Let d(w) = w**2 - 10*w + 12. Let a(f) = f**3 + 4*f**2. Let t be a(-4). Suppose -3*b - 2*b + 55 = t. Calculate the remainder when 43 is divided by d(b).
20
Suppose 4*r - 17 = u, 5 - 11 = -2*u. What is the remainder when 958 is divided by r?
3
Suppose 0 = -26*g + 25*g - 2, 3*j + 2*g = 209. Calculate the remainder when 99 is divided by j.
28
Let b(o) = -o**3 - 42*o**2 + 19. What is the remainder when b(-42) is divided by 7?
5
Let l = 44 + -7. Let m be 4/6*-12 - 10/5. What is the remainder when l is divided by ((-1)/m*8)/(2/25)?
7
Let r(w) = 3*w**2 - w + 2. Let s be r(1). Let o(g) = -g**3 + 4*g**2 + 4. Calculate the remainder when 13 is divided by o(s).
1
Let r(g) = -3*g + 3 - 3. Let p(o) = -o**3 + 11*o**2 + o - 13. Let j be p(11). Calculate the remainder when 17 is divided by r(j).
5
Suppose 0 = -9*t + 2*t. Calculate the remainder when 42 - t - (-2 - (-2 + 3)) is divided by 17.
11
Let m(b) = 10*b + 2. Let c(f) = f**2 - 9*f + 2. Suppose -5*i + 55 = 10. Let a be c(i). What is the remainder when 64 is divided by m(a)?
20
Suppose 14*o - 56 = 12*o + 2*r, -3*r - 3 = 0. Calculate the remainder when o is divided by 5.
2
Suppose -5*r + 327 = m, -9 - 46 = -r + 5*m. Let y = -48 - -81. Calculate the remainder when r is divided by y.
32
Let x(a) = a**2 + 26. Let z be x(0). Let q = z + -15. Suppose -73*y + 8022 = 118*y. What is the remainder when y is divided by q?
9
Suppose -21 + 511 = 5*m. What is the remainder when m is divided by 31?
5
Let n(o) = -o**3 + 9*o**2 + 7*o + 8. What is the remainder when n(7) is divided by 54?
47
Let j be -58 - -1 - -5*7/(-35). Let i = 81 + j. Calculate the remainder when 66 is divided by i.
20
Suppose -14 = 3*w - 10*w. Let j(u) = 12*u**3 - u**2 + 7*u - 5. What is the remainder when j(w) is divided by 34?
33
Let g = 29 + -27. Calculate the remainder when g/4 - 735/(-6) is divided by 31.
30
What is the remainder when 925 is divided by (-372)/24*2*-3?
88
Let u = 74 - -190. Calculate the remainder when u is divided by 45.
39
Let a(w) = -w**2 + 12*w - 8. Let i be a(11). Suppose -20 = i*h - 122. Calculate the remainder when 3 - 3 - h/(-2) is divided by 10.
7
Suppose -2*x + 73 = 3*o, -2*x + 9*o - 7*o = -68. Calculate the remainder when 97 is divided by x.
27
Suppose 0 = 13*q - 242 + 60. Calculate the remainder when 48 is divided by q.
6
Let c = -15 + 15. Suppose c = -2*w - 2*o, 0 = 2*w - 5*o + 2*o. Suppose -y + 3 = 0, w*d + 31 = 2*d + 3*y. What is the remainder when 19 is divided by d?
8
Let c be (-1)/((0 - 4) + 5). What is the remainder when 122 is divided by (25/4)/(c/(-4))?
22
Let z = 44 + -18. What is the remainder when 98 is divided by z?
20
Let a = 1725 - 1290. What is the remainder when a is divided by 49?
43
Let x(r) = -r**3 - 8*r**2 + 2. Let f be x(-8). Suppose -3*w + i + f*i = 0, -1 = -i. Calculate the remainder when 65 is divided by (w + -3)*(0 + -11).
21
Let r be ((-10)/(-4))/((-1)/(-2)). Let m = 63 - 46. Let b = m - r. Calculate the remainder when 57 is divided by b.
9
Suppose 0 = -0*x - 2*x + 4*j + 60, 3*j = -15. Let l(c) = 2*c - 7. What is the remainder when 195 is divided by l(x)?
30
Suppose 0 = 5*n + 3*m - 32, 6 - 9 = 3*m. What is the remainder when 48 is divided by n?
6
Let u(g) = -3*g - 8. Suppose -66 = 9*n - 11*n. Suppose -16 = -q + n. Calculate the remainder when q is divided by u(-7).
10
Suppose 99 + 97 = 4*u. Calculate the remainder when 338 is divided by u.
44
What is the remainder when 106 is divided by (-1950)/(-54) - (-1 + (-20)/(-18))?
34
Suppose 5*p - 96 = 2*b, -5*p + 73 = -3*b - 26. Calculate the remainder when 88 is divided by p.
16
Let m be (-2214)/(-72) + (-3)/4. Let s = 41 - m. Calculate the remainder when 51 is divided by s.
7
Suppose 0 = 2*s - 11 + 1. Let q(w) = -w**2 + 6*w - 3. Let a be q(s). Suppose -a*d = -7*d + 140. Calculate the remainder when d is divided by 15.
13
Let k = -33 - -82. What is the remainder when k is divided by (-3)/(-12) - (-594)/24?
24
Suppose 3*z + 0 = 12. Calculate the remainder when 183/6 + z/8 is divided by 11.
9
Let i be (1 + (-11)/5)*(-25)/2. Suppose 1 = 4*u - i. Calculate the remainder when 18 is divided by u.
2
Suppose 566 = -58*z + 2016. What is the remainder when z is divided by -1 - (-5)/1 - -10?
11
What is the remainder when 75 is divided by 9 + -3*456/(-36)?
28
Suppose -3*d + d = -16. Let p be -3*1 - (-32)/d. Calculate the remainder when 5 is divided by (2 - 6)/(p - 3).
1
Let t = 479 - 429. What is the remainder when 114 is divided by t?
14
Let g be 2058/42 - (1*-4 + 0). Suppose -g = 5*s - 63. What is the remainder when 6 is divided by s?
0
Let w(c) = c**3 - c**2 + 5*c - 3. Let j be w(3). Suppose 7*p = 5*p + j. What is the remainder when ((-84)/(-15))/(2/10) is divided by p?
13
Let s = 2172 + -1604. Calculate the remainder when s is divided by 139.
12
Calculate the remainder when (6/8)/(6*11/37224) is divided by 12.
3
Let q(o) = -o**2 - 17*o - 24. Suppose -30 = 2*h + 5*b, 2*h - 30 = 4*h - b. What is the remainder when -3*(19/(-3) - -1) is divided by q(h)?
4
Let k = 0 - 0. Let u(x) = 24*x + 396. Let r be u(-16). Suppose -6*w + r*w - 252 = k. What is the remainder when w is divided by 11?
9
Calculate the remainder when 1128 is divided by ((-234)/81)/((-2)/9).
10
Suppose m - 4*m + 9 = 0. Let o = -22 + 25. Suppose -j + 41 = 3*j + o*n, 4*n = -j + 20. What is the remainder when j is divided by m?
2
Let r = 21 - 14. Let h(t) = -t**3 + 6*t**2 + 8*t. Let q = 2 + 17. What is the remainder when q is divided by h(r)?
5
Suppose 0*m + 141 = m. Suppose -4*g - 5*x = -0*x + m, -5*g + 2*x = 135. Let h = 55 + g. Calculate the remainder when h is divided by 9.
8
Suppose 3*z + 2*s - 37 - 206 = 0, 0 = -5*s - 15. Calculate the remainder when 1325 is divided by z.
80
Suppose -4*v + 159 = -117. Calculate the remainder when v is divided by 142/8 - 2/(-8).
15
Suppose 0 = 2*l - l - 39. Let n = -28 - -34. Calculate the remainder when l is divided by n.
3
Suppose -360 = -31*v + 22*v. What is the remainder when 82 is divided by v?
2
Let d be -2 + (9 - 2) + -1. Suppose v = d*i + 22, i = -5*v + 153 + 20. Calculate the remainder when v is divided by (-2 - -1)/(-2)*18.
7
Let v(m) = -1 - 2 + 6*m + 1. Let h = 118 - 112. Calculate the remainder when v(6) is divided by h.
4
Suppose 406 = 24*x - 17*x. Let o(j) = -j**2 + 9*j - 5. What is the remainder when x is divided by o(5)?
13
Let t(n) = -5*n**3 - 8*n**2 - 6*n + 19. Calculate the remainder when t(-6) is divided by 10.
7
Suppose -5*r + 10 + 25 = 0. Let d(l) = -l**2 - 25*l + 23. Calculate the remainder when d(0) is divided by r.
2
Let j(n) = 9*n + 3. Calculate the remainder when 460 is divided by j(2).
19
Suppose 11*o - 144 = 219. Suppose 0 = s - 0*s - 18. What is the remainder when o is divided by s?
15
Let x(w) = 14*w**3 - 19*w + 18. What is the remainder when 218 is divided by x(1)?
10
Suppose 4*k - 4*y = 7*k - 105, 2*y - 37 = -k. What is the remainder when 102 is divided by k?
9
Let m be 3 - (-3 - -7) - -53. Suppose 3*z - 4*z = -m. Let a = z + -20. What is the remainder when a is divided by 11?
10
Let m = 168 - 140. Calculate the remainder when 85 is divided by m.
1
Let q be ((3 - 3)/4)/(-1). Suppose q*n - n = -7. What is the remainder when 16 is divided by n?
2
Suppose -w - 4*w + 90 = 0. Let u = 10 + 4. Suppose 74 = 6*d + u. What is the remainder when w is divided by d?
8
Suppose -5*p + 3*v = 74 - 344, 2*p = -2*v + 108. Let d = -43 + p. What is the remainder when 20 is divided by d?
9
Let u = 280 + -143. Let l be 207/(-27) - 4/(-6). What is the remainder when u is divided by (-2 + (-4 - l) + -8)*-5?
32
Let l(x) = -x**3 - 11*x**2 + 10*x + 1. Let c(g) = g**3 + 10*g**2 + 2*g + 8. Let v be c(-10). Calculate the remainder when 